ine t(l).
12
Let s be 0 + 3 + 2 + -4 + -8. Let w be (-1)/(-5) - (78/15 + s). Let t(o) = 0*o + o**2 + 0*o. Determine t(w).
4
Suppose -4*c - 5*d + 12 = 0, -3*c - d - 4 + 2 = 0. Let v be (-7)/c*(-3)/((-105)/40). Let l(x) = -x**3 + 4*x**2 - x + 3. Give l(v).
-1
Let x(s) be the third derivative of s**4/24 - s**3/3 + s**2. Let c be (-6 - -24)*(-20)/3. Let m be c/(-21) + 14/49. Determine x(m).
4
Let a(t) be the second derivative of -t**7/2520 - t**6/720 - t**5/24 + t**4/3 + 2*t. Let x(j) be the third derivative of a(j). What is x(0)?
-5
Let l(r) = 7*r**2 - 21*r - 4. Let z(n) = 4*n**2 - 11*n - 3. Let b(g) = -3*l(g) + 5*z(g). What is b(7)?
4
Let g(o) = 3*o + 1. Suppose 36*v - 106 = 35*v. Let h = 107 - v. Determine g(h).
4
Let z be ((-4)/(-16))/(2/56). Let k(d) = -15*d**3 - 9. Let j(x) = 8*x**3 + 4. Let v(l) = z*j(l) + 3*k(l). Determine v(-1).
-10
Let z(m) = 5*m**3 - 16*m**2 + 1. Let x(i) = 4*i**3 - 13*i**2 + 2. Let s(n) = -4*x(n) + 3*z(n). What is s(4)?
-5
Let i(t) = -3 + 2*t + 57*t**2 - 52*t**2 + 1. Give i(1).
5
Let m(g) = -g - 7. Let r be m(-10). Suppose 1 = -3*k - 8, r*u - 2*k - 18 = 0. Let v(y) = y - 5*y - 4*y + u*y - 2. What is v(-3)?
10
Let a(r) be the second derivative of 0*r**3 + 0*r**4 + 0 + 0*r**2 - 6*r - 9/20*r**5. Determine a(1).
-9
Let d(t) = -t**3 - 4*t**2 - t - 4. Let k be (-6)/(-4)*(0 + (-30)/9). What is d(k)?
26
Let q(d) = -d + 3. Let l be (-72)/(-27) + (-4)/6. Suppose -l*v - 4 = -10. Calculate q(v).
0
Let u(l) = 2*l**2 - 13*l + 6. Let y be u(5). Let n(b) = b**2 + 9*b + 8. Give n(y).
8
Let i(l) = 30*l - 14*l - l**2 - 4 - 4*l - 9*l. Determine i(4).
-8
Let l = 60 - 59. Let c(m) = 17*m + 10*m - l - 35*m + 9*m. Give c(5).
4
Let v be (-16)/3 - (-116)/348. Let c(b) = -8 - b**3 + 4*b - 5*b**2 + b**2 + 4. Determine c(v).
1
Let r(q) = q**3 - 4*q**2 - 2*q - 4. Let y be 2*(-3)/12*2 + 3. Suppose y*m + 6 = -w + 17, -3*w - 3 = -3*m. What is r(m)?
-12
Let w be 3/((-6)/(-5))*2. Let l(b) = -4*b + w*b - b + 1 + 2*b. Calculate l(-2).
-3
Let q be 1 - 2 - (-356)/(-4). Let v be (-20)/q - 25/(-9). Let y(a) = 11*a**2 + 2*a + 1 + 12*a**v - 9*a**2 - 4*a**3. Calculate y(-1).
-7
Let g(c) = -3*c**3 + c**2 - c + 1. Let u(n) = -16*n**3 + 5*n**2 - 6*n + 6. Let b(x) = 11*g(x) - 2*u(x). Let q = 74 + -71. What is b(q)?
-16
Let a(j) = 2*j - 19. Let k be a(11). Let s(v) be the third derivative of v**6/120 - v**5/30 - v**4/24 - v**3/3 + 42*v**2. Give s(k).
4
Let t be -2*(-8)/16*5. Let h(r) = r**3 - 5*r**2 - 3*r + 4. Determine h(t).
-11
Let j(f) = -3*f + 2. Let i be -2 + 3 + 1 - (36 + -1). Let x = i - -36. What is j(x)?
-7
Let z(d) = 3*d - 16. Let s = 904 - 897. Give z(s).
5
Let k(a) be the third derivative of -a**5/60 + a**4/2 + 4*a**3/3 + 38*a**2 - a. What is k(12)?
8
Suppose 5*z + 11 = 1. Let i(u) = u**3 + 2*u**2 - 5*u. Let j be i(-3). Let o(k) = -35*k - 26. Let x(d) = 12*d + 9. Let w(m) = j*o(m) + 17*x(m). Determine w(z).
9
Let n(m) = 2*m - 2. Let a(x) = 60*x - 80. Let u(t) = a(t) - 28*n(t). Determine u(6).
0
Let k(f) = -4*f - 2. Let y be k(-1). Let i(h) = -18*h + 1. Give i(y).
-35
Let d(h) be the third derivative of -5*h**4/8 + h**3/3 - 379*h**2. Calculate d(3).
-43
Let m(w) be the second derivative of -1/20*w**5 + 0 + 0*w**3 + 0*w**4 + 0*w**2 - 9*w. Calculate m(2).
-8
Let z(t) be the third derivative of -t**5/24 - t**3/6 + t**2. Let g(c) be the first derivative of z(c). Let f = 64 + -65. Give g(f).
5
Let l(p) be the first derivative of -p**6/120 + 2*p**5/15 + p**2/2 + 3*p - 16. Let b(m) be the second derivative of l(m). Calculate b(8).
0
Let p(b) = -b**2 - 8*b + 1. Suppose -4*g = 2*o - 15 - 29, 2*o - 3*g - 65 = 0. Suppose -3*d - o = 4*a, 4*a + d = 7*a + 21. Give p(a).
8
Let p(f) = 2*f - 10. Suppose -4*u - 5*o + 40 = 0, 4*u - 3*o = -u + 13. What is p(u)?
0
Let j(g) = -g**2 + 3*g - 4. Suppose 3*d + 5*u = 6, -2*u = -3*d - 0*u + 6. Let y(q) = -1 + q**d + q**2 + 2. Let n be y(-1). Calculate j(n).
-4
Let d(c) be the first derivative of c**5/60 - c**4/12 + c**3/2 - 17*c**2/2 - 4. Let a(f) be the second derivative of d(f). What is a(2)?
3
Let k be ((-2)/(-2) + -2)*-5. Suppose 4 + 0 = 2*q. Let c(h) = -h**3 + h**2 - 3*h + 5*h**q + 0*h**2. Calculate c(k).
10
Let z = 4 - 2. Let g(t) = 3 - 1 - 5*t**2 + 3*t - 7*t + t**3 - z*t. What is g(6)?
2
Suppose 2*b = -5*v + 12, 4*b - 5*b = 2*v - 6. Let t(s) = s + 8 + s**2 + 1 - b*s. Give t(6).
15
Let g(y) be the second derivative of 4*y**3/3 - 9*y**2/2 + 613*y. Determine g(1).
-1
Let d(j) = -7*j**3 + 1. Let m be d(1). Let n(g) = 1 + 1 + 2*g - 5*g. Let o(u) = -4*u + 2. Let q(i) = 5*n(i) - 4*o(i). Determine q(m).
-4
Let s(l) = -4*l**2 - 17 + 4*l**2 + 21*l - 3*l**2 + 2*l**2. Let w be s(20). Suppose b + 21 = -4*k, -w*k + 2*k + 1 = -b. Let v(i) = -i - 3. What is v(b)?
2
Let y = 0 + -1. Let m(n) = n**2 + n + 1. Let r(u) = -7*u**2 - 12*u - 8. Let j(d) = y*r(d) - 6*m(d). Suppose 3*w = -5*b - w - 16, 4*w = -b. Calculate j(b).
-6
Let w(l) = -5*l + l + 3*l - 2*l + 3. Let u(a) = a - 10. Let z be u(16). What is w(z)?
-15
Let f = -3 - -4. Let v = 2 - f. Let w(k) = 0 + 0 + k - v. Give w(5).
4
Let s be (-93)/(-8) + (-33)/(-88). Let l(i) = -i**3 + 13*i**2 - 11*i - 5. Determine l(s).
7
Suppose 4*x = 3*z - 81, -z + 27 = -2*x - 0*x. Suppose -5*q - 32 = -z. Let r(j) = 8*j - 1. Give r(q).
-9
Let g(n) = -n**3 + 24*n**2 - 42*n - 40. Suppose -97*y = -113*y + 352. Calculate g(y).
4
Let y(b) be the first derivative of b**3/3 + 2*b**2 + 7*b + 1. Let z be 6/4 - (-2)/(-4). Let g be z/(3/(-45)*3). Calculate y(g).
12
Let m(y) = -y**3 + 2*y**2 + 11*y + 6. Suppose 0 = -2*v - 5*i - 10, 8 - 23 = v + 5*i. Determine m(v).
-14
Let l(r) be the first derivative of r**3/3 + 7*r**2/2 - 7*r + 20. Let u = 2 - 10. Calculate l(u).
1
Let w be (-6)/(-4)*((-78)/(-9) + -6). Let b be (-6)/((-2)/w - (-4)/(-16)). Let s(a) = -a**3 + 9*a**2 - 8*a + 12. Calculate s(b).
12
Let f(h) = -h**2 + 15*h - 35. Let b be f(12). Let t(m) = m**2 + 4*m**3 - 5*m**3 + 3*m + b - 2*m. Calculate t(3).
-14
Let o(b) = -20*b - 78. Let t(q) = -13*q - 52. Let w(k) = -5*o(k) + 8*t(k). Let i be w(-5). Let c(g) = -g**3 - 7*g**2 - 7*g - 3. Determine c(i).
3
Let m(d) be the second derivative of d**4/6 + 2*d**3/3 - d**2/2 - d. Let p(j) = 0*j**3 + 11 - 6*j - 6 - 3*j**2 + j**3. Let n be p(4). Determine m(n).
5
Let l(n) = 2*n**2 + 141155*n - n**3 - 141157*n + 2*n**2 - 7. What is l(3)?
-4
Let h(p) = 10*p**2 - 8*p - 10. Let f(g) = -7*g**2 + 5*g + 7. Let b(k) = 7*f(k) + 5*h(k). Suppose 12*s - 3 = 11*s + c, s + 5*c = 3. What is b(s)?
-7
Suppose -2*w + 4*y + 10 = -4, -4*y + 4 = 4*w. Suppose w*h - 12 = -h. Suppose u = 2*u - h. Let m(n) = -n**3 + 2*n**2 + 4*n. Calculate m(u).
3
Suppose 65*j + 106 = 69*j + 5*h, 5*j + h - 122 = 0. Let i(f) = f**3 - 23*f**2 - 24*f - 8. Calculate i(j).
-8
Let p(k) = 4*k + 4. Suppose 0 = 20*l - 3*l + 102. Calculate p(l).
-20
Let v(l) = -2*l**3 - l**2 - l - 11. Let u(a) = 3*a**3 + a**2 + a + 16. Let s(y) = -5*u(y) - 7*v(y). Suppose -4*g + 9 = -g, 0 = 3*r - g - 3. Determine s(r).
1
Let q(y) = 3*y - 9. Let b be q(13). Let f(x) = 2*x + b - 30. Suppose 0 = d + s - 3, 0 = 5*d + 4*s - 8 - 6. Give f(d).
4
Let c(t) be the first derivative of 3*t - 1/4*t**4 - 5/2*t**2 - 19 + 4/3*t**3. Calculate c(3).
-3
Let g(o) = 14*o**3 + o**2 - 1. Suppose -91 + 79 = 12*b. Give g(b).
-14
Let j(c) be the third derivative of c**6/180 - 7*c**5/120 - c**4/2 + 4*c**2. Let q(w) be the second derivative of j(w). Calculate q(6).
17
Let b(d) = d**3 - 6*d**2 + 7*d - 6. Let i(m) = 2*m**2 + 6*m + 14. Let p be i(-4). Let r = -17 + p. Determine b(r).
4
Let i(l) be the third derivative of l**5/60 - l**4/24 + 7*l**3/2 - 25*l**2 + 2. Calculate i(0).
21
Let w be (-26)/(-22) + (-108)/594. Let i(v) = -14*v**3 - v. Determine i(w).
-15
Suppose -5*p + 21 = 3*n, -8*p - n = -3*p - 17. Let x(o) = -3*o + 3. Let q(f) = -f**2 + 2*f - 4. Let t(r) = p*x(r) + 2*q(r). Let s = 963 - 967. What is t(s)?
-11
Let t(r) = 5*r**2 - r - 1. Let y(m) = m**3 - 2*m**2 + 3*m - 1. Let s be y(2). Let v = 494 - 490. Suppose k - v = -s. What is t(k)?
5
Let j(w) be the third derivative of -w**5/60 + w**4/6 + w**3/6 + 8*w**2. Let l(g) = -3*g**2 + 11*g + 2. Let z(m) = 7*j(m) - 2*l(m). Determine z(7).
-4
Let d(k) be the second derivative of -k**4/12 + k**3 - k**2/2 + 19*k. Let w = 10 + -7. Let u(v) = -v**3 + 3*v**2 + 2*v - 1. Let p be u(w). Calculate d(p).
4
Let n(m) = -m**2 + 15*m 